t**3 - 25*t**2 + 637*t - 4515. Determine x(8).
5
Let j(h) = 2*h**2 - 6155*h + 43022. What is j(7)?
35
Let a(n) = -3970*n + 43646. Give a(11).
-24
Let t(x) = 3*x**2 + 340*x - 26368. Give t(53).
79
Let i(l) = -143238*l - 19193893. Calculate i(-134).
-1
Let a(z) = -z**3 + 3597*z**2 - 67980*z - 28. Calculate a(19).
10
Let i(j) = -9*j**2 + 141*j - 510. Calculate i(9).
30
Let d(b) = b**2 - 6278*b + 550831. Calculate d(89).
10
Let d(y) = 3768*y + 113018. What is d(-30)?
-22
Let n(p) = 20*p**3 + 219*p**2 + 43*p + 351. Determine n(-11).
-243
Let z(c) = 97*c**2 + 580*c + 1110. Calculate z(-2).
338
Let k(q) = 49*q**3 - 7*q**2 + 2*q + 44. Calculate k(-4).
-3212
Let t(u) = 1020*u**2 + 188701*u + 152. Calculate t(-185).
-33
Let c(k) = -k**2 - 94*k + 7943. Give c(-148).
-49
Let j(o) = o**3 + 26*o**2 - 155*o - 125. What is j(-31)?
-125
Let u(y) = -63*y**2 - 6344*y + 1640. Give u(-101).
-279
Let m(d) = 856*d**2 + 2560*d - 52. What is m(-3)?
-28
Let v(y) = -22*y + 2747. Give v(34).
1999
Let o(b) = 729*b - 8113. What is o(11)?
-94
Let u(r) = -145*r**2 + 92455*r - 57318. Calculate u(637).
12
Let i(l) = 2840*l - 2839995. What is i(1000)?
5
Let o(b) = -490*b - 1437. What is o(0)?
-1437
Let s(r) = r**3 + 42*r**2 - 8164*r + 10000. Determine s(71).
-11
Let j(w) = w**2 + 3154*w - 235577. Calculate j(73).
-6
Let a(z) = -2555*z + 11916. Give a(5).
-859
Let j(k) = -437*k**2 + 864*k - 35. Give j(2).
-55
Let b(a) = 13337*a - 133410. Determine b(10).
-40
Let d(s) = -212*s - 2459. Give d(-15).
721
Let y(l) = 618*l - 21011. Calculate y(36).
1237
Let u(f) = f**2 + 171002*f + 1196981. Give u(-7).
16
Let p(m) = -13*m**2 + 7639*m - 20. Determine p(0).
-20
Let g(l) = 2*l**3 - 303*l**2 - 1102*l + 497. Give g(155).
-2138
Let t(j) = -j**3 - 4*j**2 - 6*j + 204. What is t(5)?
-51
Let w(x) = 3*x**2 - 7702*x + 30777. Determine w(4).
17
Let l(i) = -2028*i + 845684. What is l(417)?
8
Let u(g) = 3380*g + 37002. Give u(-11).
-178
Let d(i) = -1614*i**2 - 6503*i - 203. Calculate d(-4).
-15
Let d(h) = -3359*h - 737. Calculate d(-1).
2622
Let q(r) = -r**3 + 293*r**2 + 547*r + 12863. Give q(295).
178
Let v(s) = -19*s**2 - 5538*s + 16596. What is v(3)?
-189
Let v(k) = 41*k + 2779. Calculate v(-78).
-419
Let c(x) = -627*x - 92800. Calculate c(-148).
-4
Let n(p) = 13*p**2 - 352*p + 1721. What is n(5)?
286
Let b(r) = -11*r**2 + 599*r - 1185. What is b(2)?
-31
Let c(r) = -337*r + 128059. What is c(380)?
-1
Let a(v) = 2*v**2 + 420*v + 11890. What is a(-30)?
1090
Let i(m) = 23716*m + 39937746. What is i(-1684)?
2
Let h(i) = -4*i**2 - 428*i + 1797. Calculate h(-111).
21
Let o(k) = -153*k + 33348. Determine o(215).
453
Let w(k) = -k**2 - 49*k + 1618. Calculate w(27).
-434
Let k(j) = 3*j**3 - 11*j**2 - 754*j + 1549. Give k(2).
21
Let r(a) = 2*a**3 + 589*a**2 - 1490*a - 1439. Give r(-297).
46
Let c(v) = -4*v**3 - 2*v**2 - 194*v + 510. Determine c(0).
510
Let m(a) = a**3 - 1291*a**2 + 37819*a + 341. Give m(30).
11
Let f(m) = -33440*m + 501593. What is f(15)?
-7
Let v(p) = 237*p - 23286. Determine v(98).
-60
Let q(u) = -u**3 - 47*u**2 + 788*u + 161. Determine q(13).
265
Let d(m) = 666083*m + 5328665. Determine d(-8).
1
Let p(s) = 2*s**3 + 15*s**2 - 86*s - 368. Determine p(-5).
187
Let x(t) = -75*t**2 - 3413*t - 1706. Give x(-45).
4
Let j(r) = -3*r**2 + 123*r - 1151. Give j(12).
-107
Let s(p) = -p**3 - 50*p**2 + 426*p + 13844. Determine s(-53).
-307
Let p(l) = l**3 - 42*l**2 - 304*l - 1921. Calculate p(49).
-10
Let x(m) = m**2 - 14856*m - 29722. Give x(-2).
-6
Let f(n) = n**3 + 33*n**2 + 198*n - 1080. What is f(-18)?
216
Let k(z) = 5*z**2 + 448*z - 1641. What is k(-93)?
-60
Let i(z) = 795*z - 9135. Calculate i(12).
405
Let z(x) = x**3 - 33*x**2 + 11*x + 4271. Determine z(25).
-454
Let b(l) = 468*l + 10910. What is b(-23)?
146
Let d(p) = -2*p**2 - 2*p + 1393. Determine d(26).
-11
Let a(j) = -823*j + 150527. Give a(183).
-82
Let w(v) = 1124*v + 116647. Determine w(-104).
-249
Let q(k) = -138291*k + 691460. Give q(5).
5
Let c(g) = -6*g**2 - 133*g - 349. Calculate c(-3).
-4
Let r(h) = -6790*h + 1011715. Calculate r(149).
5
Let r(b) = -61039*b - 122164. Determine r(-2).
-86
Let v(o) = -23055*o**2 - 368878*o + 17. Give v(-16).
-15
Let s(z) = -17*z**3 + 179*z**2 - 134*z - 8. Determine s(10).
-448
Let i(c) = -c**3 + 70*c**2 + 3134*c - 313. Calculate i(101).
-10
Let d(c) = -c**3 - 29*c**2 - 159*c - 10. Calculate d(-20).
-430
Let f(l) = 206*l - 3793. Give f(21).
533
Let n(a) = 221*a + 6059. Calculate n(-27).
92
Let q(r) = r**3 - 6*r**2 - 55*r + 96. Determine q(-10).
-954
Let j(s) = -4*s**3 + 82*s**2 - 208*s + 1810. Determine j(19).
24
Let l(g) = -10*g**3 - 4719*g**2 + 400*g - 34015. Calculate l(-472).
-31
Let n(p) = -24*p - 4545. Give n(-188).
-33
Let t(k) = 3*k**2 + 149*k - 1410. Give t(-59).
242
Let q(d) = -4856*d - 174583. Give q(-36).
233
Let h(g) = -3*g**2 - 4803*g - 403686. What is h(-89)?
18
Let j(d) = 4*d**2 - 9095*d - 54694. Determine j(-6).
20
Let g(j) = 5784*j - 428022. Calculate g(74).
-6
Let k(t) = -8373*t - 217713. Give k(-26).
-15
Let z(c) = 137981*c + 2621795. Determine z(-19).
156
Let b(x) = x**3 - 55*x**2 - 62*x + 2285. Calculate b(55).
-1125
Let j(v) = 140*v + 13772. Give j(-76).
3132
Let z(l) = 6*l**3 + 160*l**2 - 47*l + 88. Determine z(-27).
-101
Let s(l) = 3*l**2 + l - 1865. Give s(-25).
-15
Let y(m) = -m**3 - 18*m**2 + 62*m + 329. What is y(-15)?
-1276
Let l(o) = 50*o - 10716. What is l(222)?
384
Let a(j) = 3*j**2 + 177*j + 1226. Calculate a(-18).
-988
Let b(s) = 3*s**2 + 21*s + 174. Calculate b(-25).
1524
Let q(r) = -9*r**2 - 1188*r - 206. Determine q(-134).
-2618
Let k(r) = r**2 + 1505*r + 68508. Determine k(-47).
-18
Let s(c) = 17*c**2 - 21*c + 14. Determine s(5).
334
Let c(y) = -y**2 + 6218*y - 18642. Calculate c(3).
3
Let n(q) = 482*q - 18949. Determine n(39).
-151
Let m(q) = 2*q**3 - 164*q**2 + 2220*q - 186. Give m(17).
-16
Let q(l) = -2*l**3 + 2448*l**2 - 14689*l + 436. Give q(6).
-2
Let i(x) = 7*x**3 - 510*x**2 - 75*x + 266. Determine i(73).
120
Let w(a) = -3218*a + 2062752. Calculate w(641).
14
Let w(n) = -764*n + 880891. Give w(1153).
-1
Let u(k) = -737*k + 86353. Calculate u(117).
124
Let v(o) = o**2 - 16429*o - 82179. Calculate v(-5).
-9
Let k(y) = 21*y**2 + 1443*y + 1032. Calculate k(-68).
12
Let j(t) = -12*t**2 + 760*t - 4487. What is j(6)?
-359
Let s(p) = 4*p**2 + 2597*p + 53396. Determine s(-628).
16
Let g(s) = 4899*s - 1117011. What is g(228)?
-39
Let s(p) = 1557*p**2 + 200873*p + 2584. Determine s(-129).
4
Let j(n) = -202439*n - 2024396. What is j(-10)?
-6
Let g(a) = 1404717*a - 4214145. Calculate g(3).
6
Let k(h) = -179*h**2 + 1410*h + 91. Give k(8).
-85
Let k(h) = -4864*h + 116746. Calculate k(24).
10
Let p(u) = 2*u**2 + 158*u + 1874. Give p(-30).
-1066
Let j(m) = 502925*m - 20619915. Calculate j(41).
10
Let f(s) = -27387*s + 629919. What is f(23)?
18
Let l(y) = 18*y**2 + 7832*y + 1069. Calculate l(-435).
199
Let a(m) = 48*m**2 - 636*m + 2154. Calculate a(7).
54
Let t(p) = 100*p - 6606. Give t(69).
294
Let a(w) = -203*w - 4097. Determine a(-16).
-849
Let l(f) = -2*f**3 - f**2 + 133*f + 803. What is l(10)?
33
Let w(z) = 30708*z - 4882590. Give w(159).
-18
Let g(s) = 104*s**2 - 8847*s + 586. Calculate g(85).
-9
Let a(g) = -34946*g - 384503. Calculate a(-11).
-97
Let z(x) = -x**3 + 64*x**2 - 1010*x + 113. What is z(36)?
41
Let h(v) = 2709*v + 135469. Calculate h(-50).
19
Let t(g) = -g**3 - 13*g**2 + 47*g + 122. Determine t(-16).
138
Let v(o) = -o**3 + 200*o**2 - 859*o + 14708. Calculate v(196).
8
Let a(h) = 1303*h**2 + 3889*h - 2. Give a(-3).
58
Let r(h) = -41*h**2 - 3243*h - 23315. What is r(-8)?
5
Let d(l) = 2*l**2 + 967*l + 50653. Give d(-424).
197
Let w(n) = n**2 + 1776*n - 129196. What is w(70)?
24
Let i(j) = 30*j**2 - 89*j + 75. Give i(3).
78
Let v(d) = 1334*d + 26453. Give v(-20).
-227
Let q(k) = 12*k**2 - 1327*k - 644. Determine q(111).
-89
Let v(s) = -s**2 - 34*s - 259. Give v(-11).
-6
Let a(f) = 2*f**2 + 917*f + 32758. Determine a(-39).
37
Let u(w) = -w**3 + 559*w**2 + 11533*w + 27215. Determine u(579).
2
Let v(o) = -52*o**3 - 1040*o**2 - 10*o - 25. Calculate v(-20).
175
Let h(s) = 32*s**2 + 1724*s - 738. Give h(-54).
-522
Let c(s) = -238364*s + 22406219. Determine c(94).
3
Let d(y) = -y**3 + 129*y**2 + 628*y - 12794. Calculate d(133).
-26
Let k(j) = j**2 - 682082*j 